 -p - 24 = -3*y. Suppose 0 = -3*u + b + 4 + y, -u + 1 = -b. Calculate the highest common factor of u and 24.
6
Suppose v - 68 = -3*v. Suppose -4*n - 1 = -v. Let x be (1 - n)*(-21)/3. Calculate the greatest common factor of 84 and x.
21
Suppose -1476*g + 932 = -1472*g. What is the greatest common divisor of g and 1?
1
Suppose 0 = -4*i + 4*j - 3*j + 1169, 5*i = j + 1461. Let o = i + -28. Let f(d) = d**2 + 4*d - 8. Let l be f(-8). What is the greatest common factor of l and o?
24
Let a be 133/(-532)*(14/(-6) + 1)*321. What is the highest common divisor of 107 and a?
107
Suppose 219*t - 63148 = 11531. What is the highest common divisor of t and 1147?
31
Let b = -28 - -70. Let h be 891/44 + (-6)/(-8). Calculate the highest common factor of b and h.
21
Let f(t) = 17*t**2 + 71*t - 48. Let r be f(-9). Calculate the greatest common factor of 14030 and r.
230
Let f be (((-2800)/30)/10)/((-6)/81). What is the highest common divisor of 30366 and f?
126
Suppose -5*o - 5*m + 4*m + 248 = 0, 4*o = -2*m + 202. Suppose 0 = 5*v - 4*j - 109 - o, 3*v = -3*j + 84. What is the greatest common factor of 165 and v?
15
Let r(l) = -2*l**3 + l**2 - 1. Let o(x) = 3*x**3 + 5*x**2 + 2*x + 5. Let w(z) = -o(z) - r(z). Let v be w(-6). What is the highest common divisor of v and 104?
8
Let q be 0 + 9 - (-3359 + 40/5). What is the highest common factor of 105 and q?
105
Let q = -42 + -111. Let h = q - -195. What is the greatest common divisor of h and 28?
14
Suppose -5*r = -23*r + 756. Calculate the highest common factor of r and 602.
14
Suppose -y + 57 = 3*v, 21 = 2*y - 4*v - 93. Let q = y + -27. Let f = -22 + q. Calculate the highest common divisor of f and 88.
8
Suppose -4*i + 150 = 6*i. Suppose -16*x + 58 = -i*x + 5*w, 4*x + 3*w - 266 = 0. What is the greatest common divisor of 238 and x?
34
Suppose -17 = -f - 17. Let h = f + 10. Let j be (-1 + 1 - 2) + 7. What is the greatest common divisor of j and h?
5
Let c(u) = 48*u**2 - 3*u - 2. Let j be c(-1). Let g(n) = 12*n + 46 + 7*n - 6*n. Let t be g(-3). Calculate the highest common divisor of j and t.
7
Let s(p) = -51*p**2 - 618*p - 65. Let z be s(-12). What is the highest common divisor of z and 721?
7
Let c = -780 - -2278. Calculate the greatest common factor of c and 182.
14
Let p be (-182)/(-26) + 46*-2. Let i be p/(-3) + (-4 - 66/(-18)). Suppose 0 = x + x - 448. What is the greatest common divisor of x and i?
28
Suppose g = -3*y + 535, 553*y - 549*y - 716 = -2*g. What is the highest common factor of 18 and y?
3
Suppose -4*r + 16 = 2*d, -112*d + 107*d + 3*r = -27. Calculate the highest common divisor of 942 and d.
6
Suppose -508 = 9*j - 29*j + 292. What is the greatest common divisor of j and 3260?
20
Let s(a) = -a**2 + 21*a - 12. Let b be s(20). Suppose l + 3*c - 8 = 266, 5*l = c + 1402. What is the highest common divisor of b and l?
8
Let g = 3116 + -2456. Suppose 17 = 3*i + 2. Suppose -i*o = o - g. Calculate the highest common factor of 44 and o.
22
Let d be (-3)/15 - (-1293178)/190. What is the highest common factor of d and 166?
166
Let x = -5586 + 5618. What is the highest common divisor of 80 and x?
16
Let x(k) = k**2 + 15*k + 264. Let b be x(-8). Let d = 7 - -6. What is the greatest common factor of d and b?
13
Suppose 111*y - 176 = 103*y. Suppose 5*c - 2*d - 313 = 335, 0 = -2*c - d + 252. Suppose -4*z + c + 576 = 0. What is the greatest common factor of y and z?
22
Suppose -m = 3*m - 4*k - 216, 0 = m - 4*k - 42. Let d = m + -56. Suppose 4*n - 72 = -4*h, d*h - 5*h - 4*n = -54. What is the greatest common factor of h and 3?
3
Let b(l) = l**3 + 10*l**2 + 9*l + 2. Let q be b(-9). Let u be -1 + (-1)/q*-706. Let j = -2320 + 2352. What is the greatest common divisor of u and j?
32
Let p = -2973 + 3325. What is the greatest common factor of p and 128?
32
Let o be 4/2*(0 - -5). Suppose -5*v - 4*z = -420, -262*v - 3*z = -266*v + 305. What is the greatest common factor of v and o?
10
Let k(i) = i**2 - 19*i - 48. Let d be k(-6). Calculate the greatest common factor of d and 6018.
102
Let b(f) = -f**3 + 34*f**2 - 70*f + 94. Let n be b(32). Let s be 1/(-4) + 14/(-8) - n. What is the highest common factor of 12 and s?
12
Let r = -12687 - -12755. What is the highest common factor of r and 292?
4
Suppose -3*x + 6*x - 1056 = 0. Suppose 4*s - 136 = 2*h, -30 = -s + 3*h + 14. What is the highest common divisor of s and x?
32
Let b = -3 - 1. Let p = 14 + b. Let s = -272 + 312. What is the highest common factor of s and p?
10
Suppose g - b - 856 = 0, -11*g + 7*g + b = -3418. Calculate the highest common factor of 610 and g.
122
Let t = -27609 - -27728. What is the greatest common divisor of 10591 and t?
119
Let i = -292 + 303. Suppose -5*f - 15 = 0, -5*k + 4*f - i = -103. What is the highest common factor of 392 and k?
8
Suppose -4*z = 12 - 36. Suppose -2*s = 4*o - 30, 3*s + 55 = z*o - 2*o. Suppose -4*i + 107 = -173. What is the greatest common factor of o and i?
10
Let r = -14 + 32. Let y(f) be the third derivative of -f**5/60 - f**4/2 - 23*f**3/6 + f**2 + f. Let t be y(-4). What is the highest common factor of t and r?
9
Suppose -2*v - 10853 + 66947 = -l, 0 = -v - 10*l + 28110. Calculate the greatest common factor of 110 and v.
110
Suppose -2*x - 5*k - 50 = -7*x, -4 = 4*k. Suppose -3*g + 15 = -3*p, 6 + 8 = 4*g + 2*p. What is the greatest common divisor of x and g?
1
Let y be (-66)/297 - 4115/(-9). Suppose 4*u - y + 185 = 0. What is the greatest common divisor of 34 and u?
34
Let y = -401 + 400. Let g be (-50)/(-4)*y*(-12)/6. Calculate the highest common factor of g and 725.
25
Let b(s) be the third derivative of -s**4/24 + 7*s**3/2 + 13*s**2. Let o be b(6). Let x be 23/(o/3 + -4). What is the greatest common divisor of x and 46?
23
Let k(a) = -2*a**3 - 47*a**2 + 30*a + 148. Let l be k(-24). What is the highest common factor of l and 26960?
4
Suppose 3*v = -h + 45, -10*v + 5*h = -6*v - 60. Let f(a) = a**2 + 7*a + 2. Let g be f(-9). What is the greatest common divisor of v and g?
5
Suppose -3*c = -3*p, 3*p + 8*c + 10 = 6*c. Suppose r - 3*r - 38 = 2*m, 41 = -2*r + m. Let o be (r/8)/(p/308). Calculate the greatest common factor of 55 and o.
55
Suppose p = 2 - 11. Let h be (1/(-2))/(6276/(-696) - p). Calculate the greatest common divisor of 783 and h.
29
Let m(i) = 821*i - 574. Let g be m(1). Calculate the highest common factor of 76 and g.
19
Suppose -5*u = u - 42. Suppose -114 = o - u*o. Suppose 0 = -h + 4, -52*h - 132 = -4*k - 47*h. What is the greatest common factor of o and k?
19
Suppose 3*w - 2042 = -4*p - 656, -3*w = -2*p - 1422. Calculate the greatest common divisor of w and 658.
94
Let y = -4175 - -7505. What is the highest common divisor of 10 and y?
10
Let s(m) = 3*m + 14 + 4 + 5. Let n be s(30). Let f = n + -67. Calculate the greatest common factor of f and 23.
23
Suppose 0 = 10*x - 49 - 51. Suppose -9*k + x = -7*k, 780 = l - 2*k. What is the highest common factor of l and 10?
10
Let q = -137 + 151. Let z be 2*(q - (-2 + -2 + 1)). Calculate the greatest common divisor of 34 and z.
34
Suppose 6*x - 8*x = -8. Suppose -12 = x*a - 4*q, -8*a + 6*a = 3*q - 14. Calculate the greatest common factor of a and 4.
1
Let x(z) = z**2 - 3*z - 8. Let r be (-4)/12 + (-78)/(-18) - 10. Let c be x(r). What is the greatest common divisor of 322 and c?
46
Suppose -y - 460 = -2*o, 8*o - 12*o = 2*y - 904. Let p = 248 - o. What is the highest common divisor of 50 and p?
10
Suppose -8*x + 15 = -41. Suppose -8*v + 5*u + 60 = -x*v, 131 = 2*v + u. Calculate the greatest common divisor of 39 and v.
13
Let j(i) = i**2 + 10*i. Let g = -180 + 166. Let v be j(g). Calculate the highest common factor of 8 and v.
8
Let a(d) = 33*d - 358. Suppose 36*z + 35 = 5*u + 32*z, 3*u = -3*z + 48. Let x be a(u). What is the highest common factor of x and 315?
5
Let x(c) = 16 - 20 - 3*c - c + 5*c**2 + 0*c. Let h be x(-2). Let f be 6/10 + (-72)/(-30). What is the highest common divisor of h and f?
3
Suppose -28*c - 1636 = -22804. What is the highest common factor of c and 420?
84
Suppose -7*t - 5*o + 29272 = -o, -t + 4195 = 5*o. What is the highest common divisor of 44 and t?
44
Let z be 18 - 20 - -10*(-2 + 17). What is the highest common factor of 1961 and z?
37
Let o = -19982 + 19996. What is the highest common divisor of 9996 and o?
14
Let i(h) = -h**3 + 6*h**2 - 10*h + 4